 Suppose 5*y + 67 - 307 = r*w, -2*y + 96 = 4*w. Is 14 a factor of y?
False
Let p be 25/5*3/(-5). Let j be -4 + 14/p*-3. Suppose -6 = -g + j. Does 4 divide g?
True
Let u(p) = p**3 + 14*p**2 + p - 44. Let z be u(-13). Suppose -3*c = -c - z. Is 11 a factor of c?
False
Let r(d) = -2*d - 3. Let v be r(-4). Suppose -5*u - v*n = -231 + 6, 0 = n + 3. Does 12 divide u?
True
Let n = 27 - 25. Does 9 divide (n/(-4))/((-4)/296)?
False
Let q(k) = 9*k - 41. Let z(a) = 45*a - 204. Let w(c) = 11*q(c) - 2*z(c). Is w(19) a multiple of 16?
True
Suppose 3*f - 2*i - 21 = 0, 2*i = 5*f + 6*i - 57. Let j(k) = k**3 - 8*k**2 + 5*k + 18. Is 18 a factor of j(f)?
True
Let q = 47 - 47. Suppose -4*m + 549 - 73 = q. Is 17 a factor of m?
True
Let s be ((-84)/(-10))/(6/30). Suppose 0 = 5*w - s - 43. Let h = -9 + w. Is h a multiple of 4?
True
Suppose 270 + 623 = 5*d - 4*m, m - 546 = -3*d. Let i(l) = -d*l - 2 + 4*l**2 + 183*l + 2*l**2. Is 13 a factor of i(-3)?
False
Let t(d) = -5*d**3 - d**2 - d + 11. Let n(g) = 4*g**3 + 2*g**2 + 2*g - 10. Let w(m) = -6*n(m) - 5*t(m). Let r be w(7). Is 7/35 - r/5 a multiple of 6?
False
Let j(p) = -2*p - 37. Let k be j(-20). Suppose 3*h - i = 114, 165 = -k*h + 7*h + 3*i. Does 2 divide h?
False
Let i be (10/6)/((-2)/(-12)). Let s = i - 19. Is 6/s*249/(-2) a multiple of 21?
False
Suppose 3*w + 7 - 52 = 3*c, 0 = c + 5*w + 21. Let x = c + 20. Is (x + -4 + 2)*4 a multiple of 3?
False
Let c be 2256/10 - 9/15. Let n be -2*c*(-6)/9. Suppose -2*o + n = 2*o. Is o a multiple of 25?
True
Suppose 7*w - 1862 = 476. Is w a multiple of 13?
False
Suppose 3 = 3*i - 36. Suppose 1085 = -i*w + 3412. Is w a multiple of 20?
False
Let y(i) = i**3 + 11*i**2 - 11*i + 33. Does 11 divide y(-11)?
True
Let i = -48 + 6. Is 50 a factor of (6/(-14))/(-3) + (-5790)/i?
False
Suppose -17*p + 12*p - 2*k + 5185 = 0, -3*k + 15 = 0. Is 15 a factor of p?
True
Let s(j) = -3*j**2 - 13*j - 6. Let u(y) = -y**2. Let v(m) = s(m) - 2*u(m). Let r = -21 - -9. Does 4 divide v(r)?
False
Suppose 0 = 3*j - 3, j = 3*y + 2*j + 8. Let v(m) = -31*m - 18. Is v(y) a multiple of 9?
False
Suppose 106*g = 109*g + 174. Let y(d) = -132*d**3 + 1. Let x be y(-1). Let q = x + g. Is 18 a factor of q?
False
Suppose 2*p + 0*y - 2*y + 10 = 0, -5 = p - 3*y. Let b be p + (-6)/(-3) + -3. Is 3 a factor of (66/18)/((-2)/b)?
False
Let l = 20 - 15. Suppose -i + 77 = 7*y - 3*y, -l*i + 410 = -5*y. Is 23 a factor of i?
False
Suppose t + 24 = -2*t. Does 11 divide (-8)/t*(1 - -18)?
False
Let c = -434 + 267. Let s = 335 + c. Does 27 divide s?
False
Suppose 3*y - 27 = 3. Let f(j) = 4*j - 2*j + y + 0*j. Is 17 a factor of f(12)?
True
Let r = 26 + -20. Let z(q) = -6*q + 20*q**3 + 8 - 21*q**3 + 3*q**2 + 4*q**2. Does 4 divide z(r)?
True
Let g(b) = -2*b**3 - 69*b**2 + 25*b + 79. Does 11 divide g(-35)?
True
Let j(f) be the third derivative of -1/3*f**3 - 1/6*f**4 + 0 - 6*f**2 + 1/20*f**5 + 0*f. Is j(4) a multiple of 15?
True
Let d(y) be the second derivative of 3*y**5/20 - y**3/6 + y**2/2 - 5*y. Let q be d(2). Let i = 70 - q. Is i a multiple of 16?
False
Let b(i) = -i**3 - 2*i + 5. Let l be b(5). Let u = -60 - l. Is u a multiple of 14?
True
Suppose 5*x - 6*x + 13 = 0. Let c = -8 + x. Suppose -t + 3*t + 142 = c*m, 4*t - 166 = -5*m. Is 6 a factor of m?
True
Let x(g) be the first derivative of g**4/4 - 16*g**3/3 + 9*g**2 - 3*g + 8. Let k = -31 - -46. Does 14 divide x(k)?
True
Let m(d) = 2*d**3 - 9*d - 18. Is m(6) a multiple of 15?
True
Let s(b) = -b**3 + 5*b**2 + 7*b + 4. Let v be s(6). Suppose v*o - 6*o - 96 = 0. Does 11 divide o?
False
Suppose -2032 = -9*p + 4268. Does 28 divide p?
True
Suppose 135 = 5*i - 5*h - 0*h, -4*h + 81 = 3*i. Let j(p) = -p**2 - 5*p + 4. Let d be j(-5). Let v = i + d. Does 11 divide v?
False
Let r = -4 - -4. Let u(l) be the third derivative of l**5/60 - l**4/24 + 29*l**3/6 + 7*l**2. Is 10 a factor of u(r)?
False
Let o = 121 + -173. Let t = o + 101. Does 5 divide t?
False
Let a(f) = -f**3 + 5*f**2 + 28*f + 9. Let v be a(-4). Let r(w) = -5*w**2 - 3*w + 3. Let l be r(-3). Let i = l + v. Does 8 divide i?
True
Let k(m) = m + 43. Let b(r) = -2*r - 85. Let n(t) = -4*b(t) - 7*k(t). Does 5 divide n(-14)?
True
Let o be (-25)/(-10) - 3/(-2). Suppose -5*l + 5*m - o*m + 92 = 0, -10 = 5*m. Is l a multiple of 6?
True
Let n be 3*-47*8/(-12). Suppose n = 3*r - j, 0*r + r = -2*j + 36. Suppose -m + r = -10. Is m a multiple of 23?
False
Let b be ((-8)/10)/((-5)/25). Suppose -b*h + 5 = -c, 2*h + 2*c = 4*h - 4. Does 25 divide (1 - -3) + 46*h?
True
Suppose -16*q + 2 = -17*q. Is 2*((-93)/(-6) - q) a multiple of 9?
False
Let x(a) = -2*a**3 + 40*a**2 - 2*a - 45. Is 37 a factor of x(19)?
False
Let h(y) = -y + 1. Let m(x) = 2*x**2 + x - 18. Let j(w) = -6*h(w) - m(w). Let s be j(6). Let u = 63 + s. Is 33 a factor of u?
True
Let q(u) = -u**2 + 2*u. Let f be q(-6). Let m be (-2)/(4/1)*f. Let a = 40 - m. Does 8 divide a?
True
Is (-2 - -2220) + 7 + -15 a multiple of 13?
True
Let t(o) = -o**3 + 12*o**2 + 7*o + 2. Is t(11) a multiple of 40?
True
Suppose 2*o - 4*o = -4*f - 98, -5*o = 5*f - 275. Suppose o = 2*q - 39. Suppose 3*u - 8 = q. Does 18 divide u?
True
Let f(j) = -j**3 - 10*j**2 - 12*j + 21. Is 9 a factor of f(-10)?
False
Let r(g) = 4*g**2 - 84*g + 224. Is 117 a factor of r(38)?
True
Suppose -4*y = o - 192, 4*o + 192 = 4*y - 0*o. Is y a multiple of 3?
True
Suppose 0 = 12*r - 9*r - 414. Suppose 5*f = r + 12. Does 6 divide f?
True
Let r be (-2)/(-16) - 239/(-8). Suppose 0 = -28*c + r*c - 8. Suppose -c*i + 17 = -4*a - 519, 0 = -5*i - a + 658. Is i a multiple of 27?
False
Suppose 2*p + 3*t = -11 - 94, -4*p - 5*t - 211 = 0. Let n = -33 - p. Is n a multiple of 12?
False
Let a be 1*5 - (-33)/11. Is 2/a - ((-645)/12 + -6) a multiple of 12?
True
Suppose 7*h - 2*h - 75 = 4*s, 2*s - 86 = -4*h. Is 2 a factor of h?
False
Let n(g) = 138*g**2 + 4*g - 5. Let k be n(1). Let z = k - 130. Is 5 a factor of z?
False
Let f(w) = w**3 + 4*w**2 - 7*w + 2. Let p be f(-6). Is 3 a factor of (-7)/(p/(-24)) + 3 + 10?
False
Suppose 0 = 4*v + 2*d - 928, -5*d = v - 2*d - 227. Let q = -161 + v. Does 24 divide q?
True
Let w be 0/((-4 - -7) + -5). Suppose 5*u = -4*m + 717, 5*m - 7*u + 2*u - 840 = w. Is m a multiple of 24?
False
Suppose 20*f - 17*f - 549 = -5*l, 2*f - 5*l = 366. Is 5 a factor of f?
False
Let g(s) = -3*s + 7. Let b(q) = 3*q - 7. Let m(d) = -5*b(d) - 6*g(d). Is 9 a factor of m(6)?
False
Let n = 44 - 36. Suppose n*w - 120 = 6*w. Does 20 divide w?
True
Let q(m) = 13*m + 5. Let x(h) = h. Let r(d) = q(d) + 6*x(d). Is 6 a factor of r(2)?
False
Suppose 3*r - 14*r = -5808. Does 33 divide r?
True
Suppose 4*g + 0*g = 76. Is 2 a factor of g?
False
Let q(l) = -38*l + 2. Let j be q(1). Let s = j + 39. Suppose h + u + s*u - 50 = 0, 5*h + u = 174. Is h a multiple of 17?
True
Let s = -115 + 355. Suppose -4*n - 2*n = -s. Does 8 divide n?
True
Let n(s) = s**3 + 2*s**2 - 6*s + 4. Let v be n(-6). Is (-1638)/v*(-8)/(-3) a multiple of 6?
True
Suppose 21*n = 2*l + 24*n - 269, -3*l + n = -376. Is l even?
False
Let m = 2817 - -31. Is 32 a factor of m?
True
Let z = 15 + -30. Suppose -2*k - 2*f + 2 = 0, 5*k + 0*k - 5 = 5*f. Is 10/(-5) - (z + k) a multiple of 12?
True
Let o(m) = -m**2 - 7*m - 2. Let p be o(-7). Is 16 a factor of 5 + p + 1 - -12?
True
Let m(g) = 84 - g**2 + 6*g - 102 - 24*g. Is m(-9) a multiple of 17?
False
Suppose j - 3*g + g = 30, -j = -g - 29. Let v = 17 + j. Does 8 divide v?
False
Suppose -x + 0*x - 2630 = 0. Let f be x/(-40) + (-2)/(-8). Suppose q + 2*p = 3*q - 52, 0 = 2*q + 5*p - f. Is 7 a factor of q?
True
Let g(x) = -x**3 + 9*x**2 - 8*x. Let d be g(8). Let q = d + -9. Is 20/6 - 6/q a multiple of 4?
True
Let x(p) = -p**2 + 27. Let k be x(0). Suppose -3*b - 12 + k = 0. Is b a multiple of 3?
False
Suppose -2*k + 20 = -z + 6*z, 0 = k + 4*z - 16. Suppose 5*i - 126 - 184 = k. Suppose -4*n + 234 - i = -2*t, 8 = 4*t. Is 11 a factor of n?
True
Suppose -5*c + 20 + 0 = 0. Let m(f) = f**3 - 3*f**2 + 3*f. Let w be m(2). Suppose w*y = y + c*j + 26, -4*y + 3*j + 39 = 0. Is 2 a factor of y?
True
Is 12/(0/(-1) - 21/(-644)) a multiple of 8?
True
Let c(p) = p**2 - 4*p - 2. Let g be c(5). Suppose -2*m = 4*h - 54, 5*h - g*h - 24 = -2*m. Does 5 divide h?
True
Let w(p) = -p + 25. Let x be w(0). Let j = 28 - x. Suppose 3*l = -2*i + 112, j*i - l - 66 = 2*i. Is 12 a factor of i?
False
Let 